{"id":71,"date":"2020-03-05T15:50:26","date_gmt":"2020-03-05T15:50:26","guid":{"rendered":"https:\/\/web351.lenny.servertools24.de\/rbneu\/?page_id=71"},"modified":"2023-09-05T15:10:08","modified_gmt":"2023-09-05T15:10:08","slug":"die-gruppe","status":"publish","type":"page","link":"https:\/\/rhein-bruecke.com\/?page_id=71","title":{"rendered":"die Gruppe"},"content":{"rendered":"\n<p class=\"has-button-hover-text-color-color has-text-color\" style=\"font-size:20px\">RheinBr\u00fccke &#8211; die Gruppe<\/p>\n\n\n\n<p class=\"has-button-hover-text-color-color has-text-color\"><strong>Min Clara Kim, Hugo Boguslawski (D\u00fcsseldorf)<br>Elizabeth Weckes, Matthias Brock (K\u00f6ln)<\/strong><\/p>\n\n\n\n<p><em>&#8222;Malerei erkundet die Tiefe des Sichtbaren&#8220;<\/em><\/p>\n\n\n\n<p>Die K\u00fcnstler der RheinBr\u00fccke gehen davon aus, dass auch das scheinbar Unsichtbare sich in der optischen Erscheinung der Dinge offenbart. Um alle Facetten eines Gegenstands zu erkunden, bedarf es vertiefter Wahrnehmung, zu der insbesondere eine Malerei bef\u00e4higt, die sich der Wiedergabe von Wirklichkeit verpflichtet f\u00fchlt. Eine solche Malerei legt nicht a priori irgendein System oder einen Stil als Ma\u00dfstab der k\u00fcnstlerischen Umsetzung fest, sondern versucht immer aufs Neue von der Realit\u00e4t zu lernen. Sie macht ihr Material nicht zum Fetisch, sondern vergeistigt es. So sind ihre M\u00f6glichkeiten, \u00e4sthetische und seelische R\u00e4ume zu er\u00f6ffnen, unbegrenzt.<br>Die folgenden Prinzipien liegen allen malerischen Ans\u00e4tzen der RheinBr\u00fccke, so unterschiedlich sie auch auf den ersten Blick wirken m\u00f6gen, zugrunde: Kl\u00e4rung der Formen in ihren stofflichen und r\u00e4umlichen Dimensionen ohne Abh\u00e4ngigkeit von fotografischen Vorbildern, Detailgenauigkeit auf der Basis eines einf\u00fchlenden, Sicht- und Tastbares kongenial umsetzenden Duktus, eine den Bildgegenst\u00e4nden und ihrer Inszenierung angemessene differenzierte Farbigkeit, schlie\u00dflich eine variable und spannungsreiche Komposition, die sich nicht selbst zum Thema macht, sondern Vermittlerin inhaltlicher und formaler Substanz ist.<br>Die Gegenst\u00e4nde der Malerei geben, indem sie auf diese Weise zu Bildern werden, Kunde von ihrem Eigenleben, ihrem Wesen, ihrer best\u00e4ndigen und r\u00e4tselhaften Fremdheit<\/p>\n\n\n\n<p>Im Rahmen dieser Vorstellungen entwickelt jeder der vier K\u00fcnstler \nseine pers\u00f6nliche Handschrift gegen\u00fcber einem individuellen, im Fluss \nbefindlichen bildnerischen Kosmos.<br>\nW\u00e4hrend Min Clara Kim durch Reduktion auf das Wesentliche nach dem \nSymbolgehalt und einer universell lesbaren Formensprache forscht, und \neinfachen Dingen ihre verborgenen Geschichten entlockt, sucht Hugo \nBoguslawski nach Symmetrien, Rhythmen und Strukturen, die dem \nOrganischen innewohnen und codiert die Gegenst\u00e4nde auf Basis von \nAbstraktionen neu. Elizabeth Weckes seziert und arrangiert, verfremdet \nBeobachtetes und l\u00e4dt ihre Bildwelten so surreal auf, Matthias Brock \nschlie\u00dflich hebt einen Schatz voller barocker Pracht, indem er den \nStofflichkeiten der Dinge nachgeht und eine Welt von Werden und Vergehen\n in all ihren sensuellen Qualit\u00e4ten auf die Leinwand bringt.\n<\/p>\n\n\n\n<p>Durch die Gr\u00fcndung der K\u00fcnstlergruppe RheinBr\u00fccke im Jahr 2006  manifestiert sich das gemeinsame Anliegen einer qualit\u00e4tvollen Malerei,  als deren Spielarten die individuellen Auspr\u00e4gungen umso expliziter  behauptet werden. <\/p>\n","protected":false},"excerpt":{"rendered":"<p>RheinBr\u00fccke &#8211; die Gruppe Min Clara Kim, Hugo Boguslawski (D\u00fcsseldorf)Elizabeth Weckes, Matthias Brock (K\u00f6ln) &#8222;Malerei erkundet die Tiefe des Sichtbaren&#8220; Die K\u00fcnstler der RheinBr\u00fccke gehen davon aus, dass auch das scheinbar Unsichtbare sich in der optischen Erscheinung der Dinge offenbart. &hellip;<\/p>\n<p class=\"read-more\"> <a class=\"more-link\" href=\"https:\/\/rhein-bruecke.com\/?page_id=71\"> <span class=\"screen-reader-text\">die Gruppe<\/span> Weiterlesen &raquo;<\/a><\/p>\n","protected":false},"author":1,"featured_media":0,"parent":0,"menu_order":0,"comment_status":"closed","ping_status":"closed","template":"","meta":{"footnotes":""},"class_list":["post-71","page","type-page","status-publish","hentry"],"_links":{"self":[{"href":"https:\/\/rhein-bruecke.com\/index.php?rest_route=\/wp\/v2\/pages\/71","targetHints":{"allow":["GET"]}}],"collection":[{"href":"https:\/\/rhein-bruecke.com\/index.php?rest_route=\/wp\/v2\/pages"}],"about":[{"href":"https:\/\/rhein-bruecke.com\/index.php?rest_route=\/wp\/v2\/types\/page"}],"author":[{"embeddable":true,"href":"https:\/\/rhein-bruecke.com\/index.php?rest_route=\/wp\/v2\/users\/1"}],"replies":[{"embeddable":true,"href":"https:\/\/rhein-bruecke.com\/index.php?rest_route=%2Fwp%2Fv2%2Fcomments&post=71"}],"version-history":[{"count":6,"href":"https:\/\/rhein-bruecke.com\/index.php?rest_route=\/wp\/v2\/pages\/71\/revisions"}],"predecessor-version":[{"id":442,"href":"https:\/\/rhein-bruecke.com\/index.php?rest_route=\/wp\/v2\/pages\/71\/revisions\/442"}],"wp:attachment":[{"href":"https:\/\/rhein-bruecke.com\/index.php?rest_route=%2Fwp%2Fv2%2Fmedia&parent=71"}],"curies":[{"name":"wp","href":"https:\/\/api.w.org\/{rel}","templated":true}]}}