{"id":19,"date":"2020-03-05T15:05:17","date_gmt":"2020-03-05T15:05:17","guid":{"rendered":"https:\/\/web351.lenny.servertools24.de\/rbneu\/?page_id=19"},"modified":"2020-06-26T16:20:07","modified_gmt":"2020-06-26T16:20:07","slug":"matthias-brock","status":"publish","type":"page","link":"https:\/\/rhein-bruecke.com\/?page_id=19","title":{"rendered":"Matthias Brock"},"content":{"rendered":"\n<p style=\"font-size:20px\" class=\"has-text-color has-button-hover-text-color-color\">Matthias Brock<\/p>\n\n\n\n<div class=\"wp-block-responsive-lightbox-gallery\"><div class=\"rl-gallery-container rl-loading\" id=\"rl-gallery-container-1\" data-gallery_id=\"166\"> <div class=\"rl-gallery rl-basicmasonry-gallery \" id=\"rl-gallery-1\" data-gallery_no=\"1\"> <div class=\"rl-gutter-sizer\"><\/div><div class=\"rl-grid-sizer\"><\/div> <div class=\"rl-gallery-item rl-gallery-item-width-4\" > <div class=\"rl-gallery-item-content\"> <a href=\"https:\/\/rhein-bruecke.com\/wp-content\/uploads\/2020\/03\/Les-de\u0301lices-2019-240-x-190-cm-O\u0308l-auf-Leinwand.jpg\" title=\"Les de\u0301lices \uff65 2019 \uff65 240 x 190 cm \uff65 \u00d6l auf Leinwand\" data-rl_title=\"Les de\u0301lices \uff65 2019 \uff65 240 x 190 cm \uff65 \u00d6l auf Leinwand\" class=\"rl-gallery-link\" data-rl_caption=\"Les de\u0301lices \uff65 2019 \uff65 240 x 190 cm \uff65 \u00d6l auf Leinwand\" data-rel=\"lightbox-gallery-1\"><img loading=\"lazy\" decoding=\"async\" src=\"https:\/\/rhein-bruecke.com\/wp-content\/uploads\/2020\/03\/Les-de\u0301lices-2019-240-x-190-cm-O\u0308l-auf-Leinwand.jpg\" width=\"790\" height=\"1000\" alt=\"\" \/><\/a> <\/div> <\/div> <div class=\"rl-gallery-item\" > <div class=\"rl-gallery-item-content\"> <a href=\"https:\/\/rhein-bruecke.com\/wp-content\/uploads\/2020\/03\/Les-macarons-2018-200-x-160-cm-O\u0308l-auf-Leinwand.jpg\" title=\"Les macarons \uff65 2018 \uff65 200 x 160 cm \uff65 \u00d6l auf Leinwand\" data-rl_title=\"Les macarons \uff65 2018 \uff65 200 x 160 cm \uff65 \u00d6l auf Leinwand\" class=\"rl-gallery-link\" data-rl_caption=\"Les macarons \uff65 2018 \uff65 200 x 160 cm \uff65 \u00d6l auf Leinwand\" data-rel=\"lightbox-gallery-1\"><img loading=\"lazy\" decoding=\"async\" src=\"https:\/\/rhein-bruecke.com\/wp-content\/uploads\/2020\/03\/Les-macarons-2018-200-x-160-cm-O\u0308l-auf-Leinwand.jpg\" width=\"786\" height=\"1000\" alt=\"\" \/><\/a> <\/div> <\/div> <div class=\"rl-gallery-item\" > <div class=\"rl-gallery-item-content\"> <a href=\"https:\/\/rhein-bruecke.com\/wp-content\/uploads\/2020\/03\/Les-parfums-2019-200-x-160-cm-O\u0308l-auf-Leinwand.jpg\" title=\"Les parfums \uff65 2018 \uff65 200 x 160 cm \uff65 \u00d6l auf Leinwand\" data-rl_title=\"Les parfums \uff65 2018 \uff65 200 x 160 cm \uff65 \u00d6l auf Leinwand\" class=\"rl-gallery-link\" data-rl_caption=\"Les parfums \uff65 2018 \uff65 200 x 160 cm \uff65 \u00d6l auf Leinwand\" data-rel=\"lightbox-gallery-1\"><img loading=\"lazy\" decoding=\"async\" src=\"https:\/\/rhein-bruecke.com\/wp-content\/uploads\/2020\/03\/Les-parfums-2019-200-x-160-cm-O\u0308l-auf-Leinwand.jpg\" width=\"800\" height=\"1000\" alt=\"\" \/><\/a> <\/div> <\/div> <div class=\"rl-gallery-item\" > <div class=\"rl-gallery-item-content\"> <a href=\"https:\/\/rhein-bruecke.com\/wp-content\/uploads\/2020\/03\/Wintermorgen-2019-60-x-100-cm-O\u0308l-auf-Leinwand.jpg\" title=\"Wintermorgen \uff65 2019 \uff65 60 x 100 cm \uff65 \u00d6l auf Leinwand\" data-rl_title=\"Wintermorgen \uff65 2019 \uff65 60 x 100 cm \uff65 \u00d6l auf Leinwand\" class=\"rl-gallery-link\" data-rl_caption=\"Wintermorgen \uff65 2019 \uff65 60 x 100 cm \uff65 \u00d6l auf Leinwand\" data-rel=\"lightbox-gallery-1\"><img loading=\"lazy\" decoding=\"async\" src=\"https:\/\/rhein-bruecke.com\/wp-content\/uploads\/2020\/03\/Wintermorgen-2019-60-x-100-cm-O\u0308l-auf-Leinwand.jpg\" width=\"1000\" height=\"611\" alt=\"\" \/><\/a> <\/div> <\/div> <div class=\"rl-gallery-item\" > <div class=\"rl-gallery-item-content\"> <a href=\"https:\/\/rhein-bruecke.com\/wp-content\/uploads\/2020\/03\/Le-cafe\u0301-2020-60-x-100-cm-O\u0308l-auf-Leinwand.jpg\" title=\"Le cafe\u0301 \uff65 2020 \uff65 60 x 100 cm \uff65 \u00d6l auf Leinwand\" data-rl_title=\"Le cafe\u0301 \uff65 2020 \uff65 60 x 100 cm \uff65 \u00d6l auf Leinwand\" class=\"rl-gallery-link\" data-rl_caption=\"Le cafe\u0301 \uff65 2020 \uff65 60 x 100 cm \uff65 \u00d6l auf Leinwand\" data-rel=\"lightbox-gallery-1\"><img loading=\"lazy\" decoding=\"async\" src=\"https:\/\/rhein-bruecke.com\/wp-content\/uploads\/2020\/03\/Le-cafe\u0301-2020-60-x-100-cm-O\u0308l-auf-Leinwand.jpg\" width=\"1000\" height=\"600\" alt=\"\" \/><\/a> <\/div> <\/div> <div class=\"rl-gallery-item\" > <div class=\"rl-gallery-item-content\"> <a href=\"https:\/\/rhein-bruecke.com\/wp-content\/uploads\/2020\/03\/Oktober-2020-60-x-100-cm-O\u0308l-auf-Leinwand.jpg\" title=\"Oktober \uff65 2020 \uff65 60 x 100 cm \uff65 \u00d6l auf Leinwand\" data-rl_title=\"Oktober \uff65 2020 \uff65 60 x 100 cm \uff65 \u00d6l auf Leinwand\" class=\"rl-gallery-link\" data-rl_caption=\"Oktober \uff65 2020 \uff65 60 x 100 cm \uff65 \u00d6l auf Leinwand\" data-rel=\"lightbox-gallery-1\"><img loading=\"lazy\" decoding=\"async\" src=\"https:\/\/rhein-bruecke.com\/wp-content\/uploads\/2020\/03\/Oktober-2020-60-x-100-cm-O\u0308l-auf-Leinwand.jpg\" width=\"1000\" height=\"598\" alt=\"\" \/><\/a> <\/div> <\/div> <div class=\"rl-gallery-item\" > <div class=\"rl-gallery-item-content\"> <a href=\"https:\/\/rhein-bruecke.com\/wp-content\/uploads\/2020\/03\/Au-muse\u0301e-II-2019-100-x-80-cm-O\u0308l-auf-Leinwand.jpg\" title=\"Au muse\u0301e II \uff65 2019 \uff65 100 x 80 cm \uff65 \u00d6l auf Leinwand\" data-rl_title=\"Au muse\u0301e II \uff65 2019 \uff65 100 x 80 cm \uff65 \u00d6l auf Leinwand\" class=\"rl-gallery-link\" data-rl_caption=\"Au muse\u0301e II \uff65 2019 \uff65 100 x 80 cm \uff65 \u00d6l auf Leinwand\" data-rel=\"lightbox-gallery-1\"><img loading=\"lazy\" decoding=\"async\" src=\"https:\/\/rhein-bruecke.com\/wp-content\/uploads\/2020\/03\/Au-muse\u0301e-II-2019-100-x-80-cm-O\u0308l-auf-Leinwand.jpg\" width=\"802\" height=\"1000\" alt=\"\" \/><\/a> <\/div> <\/div> <div class=\"rl-gallery-item\" > <div class=\"rl-gallery-item-content\"> <a href=\"https:\/\/rhein-bruecke.com\/wp-content\/uploads\/2020\/03\/Goliath-2019-100-x-100-cm-O\u0308l-auf-Leinwand.jpg\" title=\"Goliath \uff65 2019 \uff65 100 x 100 cm \uff65 \u00d6l auf Leinwand\" data-rl_title=\"Goliath \uff65 2019 \uff65 100 x 100 cm \uff65 \u00d6l auf Leinwand\" class=\"rl-gallery-link\" data-rl_caption=\"Goliath \uff65 2019 \uff65 100 x 100 cm \uff65 \u00d6l auf Leinwand\" data-rel=\"lightbox-gallery-1\"><img loading=\"lazy\" decoding=\"async\" src=\"https:\/\/rhein-bruecke.com\/wp-content\/uploads\/2020\/03\/Goliath-2019-100-x-100-cm-O\u0308l-auf-Leinwand.jpg\" width=\"1000\" height=\"1000\" alt=\"\" \/><\/a> <\/div> <\/div> <div class=\"rl-gallery-item\" > <div class=\"rl-gallery-item-content\"> <a href=\"https:\/\/rhein-bruecke.com\/wp-content\/uploads\/2020\/03\/Mattanza-2019-100-x-100-cm-O\u0308l-auf-Leinwand.jpg\" title=\"Mattanza \uff65 2019 \uff65 100 x 100 cm \uff65 \u00d6l auf Leinwand\" data-rl_title=\"Mattanza \uff65 2019 \uff65 100 x 100 cm \uff65 \u00d6l auf Leinwand\" class=\"rl-gallery-link\" data-rl_caption=\"Mattanza \uff65 2019 \uff65 100 x 100 cm \uff65 \u00d6l auf Leinwand\" data-rel=\"lightbox-gallery-1\"><img loading=\"lazy\" decoding=\"async\" src=\"https:\/\/rhein-bruecke.com\/wp-content\/uploads\/2020\/03\/Mattanza-2019-100-x-100-cm-O\u0308l-auf-Leinwand.jpg\" width=\"1000\" height=\"978\" alt=\"\" \/><\/a> <\/div> <\/div> <\/div> <\/div><\/div>\n\n\n\n<p><br><strong>Webseite<\/strong>: <a rel=\"noreferrer noopener\" aria-label=\"https:\/\/matthias-brock.com\/ (\u00f6ffnet in neuem Tab)\" href=\"https:\/\/matthias-brock.com\/\" target=\"_blank\">matthias-brock.com<\/a><br><\/p>\n\n\n\n<p class=\"has-text-color has-button-hover-text-color-color\"><strong>Biografie<\/strong><\/p>\n\n\n\n<p>1962<br>geboren in Bielefeld<\/p>\n\n\n\n<p>1991-2002<br>Studium der Malerei an der Kunstakademie M\u00fcnster bei den Professoren Johannes Brus und Hermann-Josef Kuhna<\/p>\n\n\n\n<p>1988<br>Meistersch\u00fcler<br>Erstes Staatsexamen, Akademiebrief<\/p>\n\n\n\n<p>1993-1995<br>Lehrauftrag f\u00fcr Aktmalerei an der Kunstakademie M\u00fcnster<\/p>\n\n\n\n<p>lebt in K\u00f6ln<br><br><\/p>\n\n\n\n<p class=\"has-text-color has-button-hover-text-color-color\"><strong>Preise und Stipendien<\/strong><\/p>\n\n\n\n<p>1995<br>Kunstpreis des Landesverbandes Lippe<\/p>\n\n\n\n<p>1999<br>F\u00f6rderpreis der Darmst\u00e4dter Sezession<\/p>\n\n\n\n<p>2000, 2016, 2019<br>Stipendium Cit\u00e9 des Arts, Paris<\/p>\n\n\n\n<p>Mitglied im Verein D\u00fcsseldorfer K\u00fcnstler<br><br><\/p>\n\n\n\n<p class=\"has-text-color has-button-hover-text-color-color\"><strong>Einzelausstellungen<\/strong><\/p>\n\n\n\n<p>1988<br>Galerie im Kalkmarkt, M\u00fcnster<br><br>1989<br>Galerie CO 10, D\u00fcsseldorf <br>Kunsthaus Pinx, Bochum<br><br>1992<br>Galerie CO 10, D\u00fcsseldorf<br>Schlo\u00dfgalerie Nordkirchen<br>&#8222;Raum 109&#8220;, Kunstakademie M\u00fcnster<br><br>1993<br>Benno-Haus, M\u00fcnster<br>Galerie CO 10, D\u00fcsseldorf (Katalog)<br><br>1995<br>Robert-K\u00f6pke-Haus, Schieder-Schwalenberg<br>Galerie CO 10, D\u00fcsseldorf<br><br>1996<br>Kunsthaus Pinx, Bochum<br><br>1997<br>Galerie Skala, K\u00f6ln<br>St\u00e4dtische Galerie Altena<br>Kreisheimathaus Tecklenburg<br>Kunstverein D\u00fclmen<br>St\u00e4dtische Galerie Wesseling<br><br>1998<br>Justizministerium des Landes NRW, D\u00fcsseldorf<br>Galerie Skala, K\u00f6ln: Einzelpr\u00e4sentation auf der ART Frankfurt<br>Institut f\u00fcr Lippische Landeskunde, Orangerie Schlo\u00df Brake, Lemgo<br>Galerie CO 10, D\u00fcsseldorf (Katalog)<br><br>1999<br>Flughafengalerie Paderborn<br>Villa Basse, Leer<br>Galerie Kallenbach, Sinzig<br>Galerie Barbara Hendriks, La Geria de Yaiza, Lanzarote, Spanien<br><br>2000<br>Kunstverein Mettmann<br>Cit\u00e9 Internationale des Arts, Paris<br>Galerie Skala, K\u00f6ln<br>Galerie Dr. Gerda Basse, Hamburg<br>Galerie H\u00fcter, Willich<br><br>2001<br>Kunstverein Unna <br>Kunstverein Hilden<br>Galerie Niepel bei Morawitz, D\u00fcsseldorf<br><br>2002<br>Rathausgalerie Bergheim<br>Galerie Skala, K\u00f6ln<br><br>2003<br>Kunstsalon, K\u00f6ln<br>Palmengarten, Frankfurt\/M.<br>&#8222;Das Wort&#8220;, St. Audomar, Frechen<br><br>2004<br>Museum Am Burghof, Springe<br>B\u00fcchner-Haus, Riedstadt-Goddelau Forum Wasserturm, Meerbusch<br>Oberfinanzdirektion M\u00fcnster (Katalog)<br><br>2005<br>Kunstkreis Hameln<br>Galerie Caprice Horn, Berlin<br>Landtag NRW, D\u00fcsseldorf<br><br>2006<br>Landeskulturzentrum Ursulinenhof, Linz (\u00d6sterreich)<br>Galerie Skala, K\u00f6ln<br>Galerie Angelika Kallenbach, Bonn<br>Robert-Koepke-Haus, Schwalenberg<br><br>2007<br>Kunstverein Oberhausen<br>Galerie 48, Saarbr\u00fccken<br>St\u00e4dtische Galerie Haus Spies, Erkelenz<br><br>2008<br>Museum Schloss Fellenberg, Merzig<br><br>2009<br>Kunstverein Melle\/ Osnabr\u00fcck<br><br>2010<br>Thomas-Morus-Akademie, Bergisch-Gladbach<br>Medio Rhein-Erft, Bergheim<br>Kulturring Meschede (Katalog)<br><br>2011<br>Galerie Martina Diers, Wuppertal<br><br>2012<br>Kunstverein Wesseling<br>Kunstverein Schwetzingen (Katalog)<br><br>2013<br>Kunstverein Salzgitter (Katalog)<br>Galerie Gunzenhauser, M\u00fcnchen<br>Kunstverein Worms (mit E. Weckes)<br><br>2014<br>Hallescher Kunstverein, Halle\/Saale<br>Galerie Niepel bei Morawitz, D\u00fcsseldorf<br><br>2015<br>Galerie Stefan Bartsch, M\u00fcnchen<br>Kunstverein Sch\u00f6ningen (Katalog)<br><br>2016<br>Kunstverein Uelzen (Katalog)<br>Cit\u00e9 Internationale des Arts, Paris<br><br>2017<br>Museum Z\u00fcndorfer Wehrturm, K\u00f6ln<br>Stiftung Burg Kniphausen, Wilhelmshaven (mit Sigrun Brock)<br><br>2018<br>Kunsthalle Lindenthal, K\u00f6ln (mit Sigrun Brock)<br><br>2019<br>Cit\u00e9 Internationale des Arts, Paris<br>Kunstverein Ottobrunn<br>Kreishausgalerie, Bergheim (Katalog)<br>Galerie Kunstraub 99, K\u00f6ln<br><br>2020<br>Kunstverein Bad Godesberg<br><br><\/p>\n\n\n\n<p class=\"has-text-color has-button-hover-text-color-color\"><strong>Ausstellungsbeteiligungen (Auswahl)<\/strong><\/p>\n\n\n\n<p>1990<br>Accrochage, Galerie CO 10, D\u00fcsseldorf<br><br>1992<br>Ausstellung 2 x 2, Emschertalmuseum, Herne (Katalog)<br>Ausstellung zum Karl-Schwesig-Preis, Kunstverein Gelsenkirchen<br><br>1993<br>Schl\u00f6\u00dfchen Borghees, Emmerich (mit Klaus M\u00f6llers)<br>&#8222;12 x Akademie&#8220;, Ausstellung zur 1200-Jahrfeier der Stadt M\u00fcnster, Kiffe-Pavillon, M\u00fcnster (Katalog)<br>&#8222;Spektakel&#8220;, Museum Am Ostwall, Dortmund (Katalog)<br><br>1994<br>Kulturhaus Dormagen<br>Kulturbahnhof Eller, D\u00fcsseldorf<br>Exposition &#8222;Etoiles de la Peinture&#8220;, Groupe ACCOR, Maison des Centraliens, Champs Elys\u00e9es, Paris (Katalog)<br><br>1995<br>St\u00e4dtische Galerie Traun, \u00d6sterreich (Katalog)<br><br>1996<br>Stadthausgalerie, M\u00fcnster<br>&#8222;Absprung&#8220;, Kunsthalle Recklinghausen, Katalog<br>Galerie Adorf, M\u00fcnster<br><br>1997<br>&#8222;Konzept Malerei&#8220;, Stadtmuseum Beckum<br>Artline Borken<br><br>1998<br>Galerie Skala, K\u00f6ln<br><br>1999<br>ART Frankfurt (im Programm der Galerie Skala, K\u00f6ln)<br>Galerie CO 10, D\u00fcsseldorf<br>&#8222;Private Schattenreiche&#8220;, Gothaer Kunstforum, K\u00f6ln (Katalog)<br><br>2000<br>&#8222;Querblick&#8220;, Aktuelle Kunst aus K\u00f6lner Galerien, Galerie M\u00fcller, Sch\u00fctz und Rohs, K\u00f6ln<br><br>2001<br>Jahresausstellung der Darmst\u00e4dter Sezession, Museum Mathildenh\u00f6he, Darmstadt (Katalog)<br>&#8222;Kunst auf Rezept&#8220;, Stadtmuseum Ratingen (Katalog)<br><br>2002<br>Kunstverein Frechen<br><br>2003<br>Lauter Tiere, Galerie Roesinger, K\u00f6ln<br>Schlosshotel Lerbach, Bergisch Gladbach<br>&#8222;Kunst auf Rezept&#8220;, Wilhelm-Fabry-Museum Hilden<br><br>2004<br>WGZ-Bank, D\u00fcsseldorf<br>&#8222;Divan der Malerei&#8220;, \u00d6kumenisches Studienwerk Bochum<br>ART FABRIK Wuppertal<br>&#8222;Tischlein deck dich&#8220;, Wilhelm-Fabry-Museum, Hilden<br>Andreas-Kunstpreis, St. Andreasberg, Harz<br><br>2005<br>ART Frankfurt<br>Shanghai Art Fair (im Programm der Galerie Caprice Horn, Berlin)<br>Highlights, Zehn Jahre Galerie Skala, K\u00f6ln<br>Jahresausstellung des Vereins D\u00fcsseldorfer K\u00fcnstler, D\u00fcsseldorf<br>&#8222;Aqua, Dialog mit dem Wasser&#8220; Nationalpark Eifel, Schleiden-Gem\u00fcnd (Katalog)<br><br>2006<br>&#8222;M\u00e4rchenstunde&#8220;, Galerie Skala, K\u00f6ln<br>Kunstverein zu Frechen<br>Wesselinger Kunstpreis, Wesseling<br><br>2007<br>&#8222;Premiere&#8220;, Galerie Kallenbach, Bonn<br>&#8222;Orange&#8220;, Kunstverein Schwetzingen <br><br>2008<br>&#8222;Bestiarium&#8220;, Maxhaus, D\u00fcsseldorf<br>&#8222;Preview&#8220;, K\u00fcnstlergruppe RheinBr\u00fccke, cubus-Kunsthalle, Duisburg<br><br>2009<br>&#8222;Gastspiel&#8220;, RLB Kunstbr\u00fccke, Innsbruck<br>Kunstverein Sulzbach (mit der K\u00fcnstlergruppe RheinBr\u00fccke)<br>Kunstverein Oberhausen, &#8222;Kunstsommer 2009&#8220; (mit der K\u00fcnstlergruppe RheinBr\u00fccke)<br>KIC Nordart, B\u00fcdelsdorf\/Holstein (Katalog)<br>cubus Kunsthalle, Duisburg (mit der K\u00fcnstlergruppe RheinBr\u00fccke)<br>&#8222;Augenblick  und Ewigkeit&#8220;, Galerie Kallenbach, Bonn in Zusammenarbeit mit dem  Ludwig-Museum Koblenz, Florinskirche Koblenz (Katalog)<br><br>2010<br>&#8222;Animal Art&#8220;, Kunstverein Schwetzingen (Katalog)<br>&#8222;Garten&#8220;, Galerie Netuschil, Darmstadt<br>Ostrale 10, Dresden (Katalog)<br>K\u00fcnstlergruppe &#8222;Rheinbr\u00fccke&#8220;, Kunstverein Frechen<br>&#8222;artconnection&#8220;, Studio Dumont, K\u00f6ln<br><br>2011<br>Gro\u00dfe Kunstausstellung M\u00fcnchen<br>&#8222;Ortung 7&#8220;, Kunstbiennale der Stadt Schwabach<br>&#8222;lieben.was&#8220;, Kunstverein Shedhalle T\u00fcbingen<br>13. Artconnection, DuMont Carr\u00e9 K\u00f6ln<br><br>2012<br>Espace des Blancs-Manteaux, Paris, Frankreich (K\u00fcnstlergruppe RheinBr\u00fccke u.a.)<br>Galerie Huber, M\u00fcnchen<br><br>1993-2001, 2005, 2011, 2012, 2017<br>Gro\u00dfe Kunstausstellung des Landes NRW, D\u00fcsseldorf (Katalog)<br><br>2013<br>&#8222;AUGENBLICK!&#8220;, Ministerium f\u00fcr Finanzen und Europa, betreut durch: Galerie 48, Saarbr\u00fccken<br><br>2014<br>&#8222;Z\u00fcgels Tiere versus Modern Art&#8220;, Kunstverein W\u00f6rth\/Rhein<br>Galerie Hovestadt, Nottuln<br>&#8222;Natur&#8220;, Galerie Esch-Renner, K\u00f6ln<br><br>2015<br>&#8222;Die Farbe Blau&#8220;, Galerie Esch-Renner, K\u00f6ln<br>&#8222;Mythos Fernweh&#8220;, Museum Z\u00fcndorfer Wehrturm, K\u00f6ln<br>ART FAIR, K\u00f6ln (Galerie Esch-Renner)<br>C.A.R., Contemporary Art Ruhr, Essen<br><br>2016<br>&#8222;\u2026 dahinter das Meer&#8220;, Stiftung Burg Kniphausen, Wilhelmshaven <br><br>2017<br>DIE GROSSE, D\u00fcsseldorf<br>ART CAPITAL, Grand Palais, Paris<br>&#8222;RheinBr\u00fccke&#8220;, Galerie K\u00f6 meets Art, D\u00fcsseldorf<br><br>2018<br>&#8222;Fr\u00fchlingsvernissage&#8220;, Conmoto Gallery M\u00fcnster<br>Herbstausstellung, Haus der Kunst, Enniger &nbsp;<\/p>\n\n\n\n<p>2019<br>&#8222;RheinBr\u00fccke&#8220;, Haus der Kunst, Enniger<br>175 Jahre Verein der D\u00fcsseldorfer K\u00fcnstler, Stadtmuseum D\u00fcsseldorf<\/p>\n\n\n\n<p>2021<br>&#8222;ReNatur: Evolution \u2013 Natur \u2013 Industrie&#8220;, cubus kunsthalle, Duisburg<br>&#8222;ReNatur: Evolution \u2013 Natur \u2013 Industrie&#8220;, K\u00fcnstlerzeche Unser Fritz, Herne<\/p>\n\n\n\n<p><\/p>\n\n\n\n<p class=\"has-text-align-right\"><a href=\"https:\/\/rhein-bruecke.com\/?page_id=19\">\u21e7  nach oben<\/a><\/p>\n","protected":false},"excerpt":{"rendered":"<p>Matthias Brock Webseite: matthias-brock.com Biografie 1962geboren in Bielefeld 1991-2002Studium der Malerei an der Kunstakademie M\u00fcnster bei den Professoren Johannes Brus und Hermann-Josef Kuhna 1988Meistersch\u00fclerErstes Staatsexamen, Akademiebrief 1993-1995Lehrauftrag f\u00fcr Aktmalerei an der Kunstakademie M\u00fcnster lebt in K\u00f6ln Preise und Stipendien 1995Kunstpreis &hellip;<\/p>\n<p class=\"read-more\"> <a class=\"more-link\" href=\"https:\/\/rhein-bruecke.com\/?page_id=19\"> <span class=\"screen-reader-text\">Matthias Brock<\/span> Weiterlesen &raquo;<\/a><\/p>\n","protected":false},"author":1,"featured_media":0,"parent":0,"menu_order":0,"comment_status":"closed","ping_status":"closed","template":"","meta":{"footnotes":""},"class_list":["post-19","page","type-page","status-publish","hentry"],"_links":{"self":[{"href":"https:\/\/rhein-bruecke.com\/index.php?rest_route=\/wp\/v2\/pages\/19","targetHints":{"allow":["GET"]}}],"collection":[{"href":"https:\/\/rhein-bruecke.com\/index.php?rest_route=\/wp\/v2\/pages"}],"about":[{"href":"https:\/\/rhein-bruecke.com\/index.php?rest_route=\/wp\/v2\/types\/page"}],"author":[{"embeddable":true,"href":"https:\/\/rhein-bruecke.com\/index.php?rest_route=\/wp\/v2\/users\/1"}],"replies":[{"embeddable":true,"href":"https:\/\/rhein-bruecke.com\/index.php?rest_route=%2Fwp%2Fv2%2Fcomments&post=19"}],"version-history":[{"count":20,"href":"https:\/\/rhein-bruecke.com\/index.php?rest_route=\/wp\/v2\/pages\/19\/revisions"}],"predecessor-version":[{"id":390,"href":"https:\/\/rhein-bruecke.com\/index.php?rest_route=\/wp\/v2\/pages\/19\/revisions\/390"}],"wp:attachment":[{"href":"https:\/\/rhein-bruecke.com\/index.php?rest_route=%2Fwp%2Fv2%2Fmedia&parent=19"}],"curies":[{"name":"wp","href":"https:\/\/api.w.org\/{rel}","templated":true}]}}